{"id":49,"date":"2013-02-14T22:31:22","date_gmt":"2013-02-14T21:31:22","guid":{"rendered":"http:\/\/sonne-fuer-gerechtigkeit.de\/?page_id=49"},"modified":"2023-01-11T11:38:56","modified_gmt":"2023-01-11T10:38:56","slug":"verein","status":"publish","type":"page","link":"http:\/\/sonne-fuer-gerechtigkeit.de\/?page_id=49","title":{"rendered":"Verein"},"content":{"rendered":"\n<figure class=\"wp-block-image size-full is-style-default\"><a href=\"http:\/\/sonne-fuer-gerechtigkeit.de\/wp-content\/uploads\/2023\/01\/2023-Vorstand.jpg\"><img loading=\"lazy\" decoding=\"async\" width=\"640\" height=\"427\" src=\"http:\/\/sonne-fuer-gerechtigkeit.de\/wp-content\/uploads\/2023\/01\/2023-Vorstand.jpg\" alt=\"\" class=\"wp-image-319\" srcset=\"http:\/\/sonne-fuer-gerechtigkeit.de\/wp-content\/uploads\/2023\/01\/2023-Vorstand.jpg 640w, http:\/\/sonne-fuer-gerechtigkeit.de\/wp-content\/uploads\/2023\/01\/2023-Vorstand-300x200.jpg 300w\" sizes=\"auto, (max-width: 640px) 100vw, 640px\" \/><\/a><\/figure>\n\n\n\n<p>Bei der letzten Vorstandswahl im Amt best\u00e4tigt (v. l.): Christian Jung, Bernhard Blicker, Peter Sonntag, Mario Elting.<\/p>\n\n\n\n<p>Zweck des Vereins ist es durch die Erzeugung von Strom aus Photovoltaikanlagen einerseits die Verwendung regenerativer Energien zur Stromerzeugung zu f\u00f6rdern und zugleich aus erwirtschafteten \u00dcbersch\u00fcssen Projekte zur F\u00f6rderung der Gerechtigkeit in der sogenannten dritten Welt zu f\u00f6rdern. Der Satzungszweck wird insbesondere verwirklicht durch die Errichtung und das Betreiben von Pfotovoltaikanlagen und anderer Anlagen zur Erzeugung von Strom aus regenerativen Energien und die F\u00f6rderung von Projekten der kirchlichen \u201eEine-Welt-Arbeit&#8220; vor allem das Projekt zum Hausbau in Indien der Pfarrgemeinde Christus-K\u00f6nig.<\/p>\n\n\n\n<p>Wichtige Dokumente unseres Vereins:<a href=\"http:\/\/sonne-fuer-gerechtigkeit.de\/wp-content\/uploads\/2013\/02\/beitritt.pdf\"><br><\/a>&#8211; <a href=\"http:\/\/sonne-fuer-gerechtigkeit.de\/wp-content\/uploads\/2013\/02\/beitritt.pdf\">Satzung<br><\/a>&#8211; <a href=\"http:\/\/sonne-fuer-gerechtigkeit.de\/wp-content\/uploads\/2013\/02\/beitritt.pdf\">Beitrittserkl\u00e4rung<\/a><a href=\"http:\/\/sonne-fuer-gerechtigkeit.de\/wp-content\/uploads\/2013\/02\/gruendungsprotokoll.pdf\"><br><\/a>&#8211; <a href=\"http:\/\/sonne-fuer-gerechtigkeit.de\/wp-content\/uploads\/2013\/02\/gruendungsprotokoll.pdf\">Gr\u00fcndungsprotokoll<\/a><\/p>\n\n\n\n<p>Kontakt:<br>Sonne f\u00fcr Gerechtigkeit Gemen e. V.<br>Freiheit 18<br>46325 Borken-Gemen<br><a href=\"mailto:sonnefuergerechtigkeit@gmail.com\">sonnefuergerechtigkeit@gmail.com<\/a><\/p>\n","protected":false},"excerpt":{"rendered":"<p>Bei der letzten Vorstandswahl im Amt best\u00e4tigt (v. l.): Christian Jung, Bernhard Blicker, Peter Sonntag, Mario Elting. Zweck des Vereins ist es durch die Erzeugung von Strom aus Photovoltaikanlagen einerseits&#8230; <a class=\"read-more\" href=\"http:\/\/sonne-fuer-gerechtigkeit.de\/?page_id=49\">[Weiterlesen]<\/a><\/p>\n","protected":false},"author":1,"featured_media":0,"parent":0,"menu_order":1,"comment_status":"closed","ping_status":"closed","template":"","meta":{"footnotes":""},"class_list":["post-49","page","type-page","status-publish","hentry","no-post-thumbnail"],"_links":{"self":[{"href":"http:\/\/sonne-fuer-gerechtigkeit.de\/index.php?rest_route=\/wp\/v2\/pages\/49","targetHints":{"allow":["GET"]}}],"collection":[{"href":"http:\/\/sonne-fuer-gerechtigkeit.de\/index.php?rest_route=\/wp\/v2\/pages"}],"about":[{"href":"http:\/\/sonne-fuer-gerechtigkeit.de\/index.php?rest_route=\/wp\/v2\/types\/page"}],"author":[{"embeddable":true,"href":"http:\/\/sonne-fuer-gerechtigkeit.de\/index.php?rest_route=\/wp\/v2\/users\/1"}],"replies":[{"embeddable":true,"href":"http:\/\/sonne-fuer-gerechtigkeit.de\/index.php?rest_route=%2Fwp%2Fv2%2Fcomments&post=49"}],"version-history":[{"count":20,"href":"http:\/\/sonne-fuer-gerechtigkeit.de\/index.php?rest_route=\/wp\/v2\/pages\/49\/revisions"}],"predecessor-version":[{"id":322,"href":"http:\/\/sonne-fuer-gerechtigkeit.de\/index.php?rest_route=\/wp\/v2\/pages\/49\/revisions\/322"}],"wp:attachment":[{"href":"http:\/\/sonne-fuer-gerechtigkeit.de\/index.php?rest_route=%2Fwp%2Fv2%2Fmedia&parent=49"}],"curies":[{"name":"wp","href":"https:\/\/api.w.org\/{rel}","templated":true}]}}